{"id":1701,"date":"2015-01-27T11:54:21","date_gmt":"2015-01-27T11:54:21","guid":{"rendered":"http:\/\/avada.theme-fusion.com_demos\/travel\/?page_id=9"},"modified":"2022-11-21T13:15:21","modified_gmt":"2022-11-21T12:15:21","slug":"about-us","status":"publish","type":"page","link":"https:\/\/haus-gero.de\/gero\/about-us\/","title":{"rendered":"Haus Gero"},"content":{"rendered":"<div class=\"fusion-fullwidth fullwidth-box fusion-builder-row-1 nonhundred-percent-fullwidth non-hundred-percent-height-scrolling fusion-equal-height-columns\" style=\"background-color: rgba(0,0,0,0);background-position: left top;background-repeat: no-repeat;padding-top:90px;padding-right:0px;padding-bottom:0px;padding-left:0px;margin-bottom: 0px;margin-top: 0px;border-width: 0px 0px 0px 0px;border-color:#ffffff;border-style:solid;\" ><div class=\"fusion-builder-row fusion-row\"><div class=\"fusion-layout-column fusion_builder_column fusion-builder-column-0 fusion_builder_column_1_3 1_3 fusion-one-third fusion-column-first\" style=\"width:30.6666%; margin-right: 4%;margin-top:0px;margin-bottom:20px;\"><div class=\"fusion-column-wrapper fusion-flex-column-wrapper-legacy\" style=\"background-position:left top;background-repeat:no-repeat;-webkit-background-size:cover;-moz-background-size:cover;-o-background-size:cover;background-size:cover;background-color:#e2dbc9;padding: 10px 10px 10px 10px;\"><center><h2><b>Haus Gero<\/b><\/h2><\/center><\/span><div class=\"fusion-text fusion-text-1\"><h2 style=\"text-align: center;\"><strong><img decoding=\"async\" class=\"wp-image-1719 aligncenter\" src=\"http:\/\/haus-gero.de\/gero\/wp-content\/uploads\/2015\/01\/haus-gero-300x225.jpg\" alt=\"\" width=\"300\" height=\"225\" srcset=\"https:\/\/haus-gero.de\/gero\/wp-content\/uploads\/2015\/01\/haus-gero-200x150.jpg 200w, https:\/\/haus-gero.de\/gero\/wp-content\/uploads\/2015\/01\/haus-gero-300x225.jpg 300w, https:\/\/haus-gero.de\/gero\/wp-content\/uploads\/2015\/01\/haus-gero-400x300.jpg 400w, https:\/\/haus-gero.de\/gero\/wp-content\/uploads\/2015\/01\/haus-gero.jpg 500w\" sizes=\"(max-width: 300px) 100vw, 300px\" \/> <\/strong><\/h2>\n<\/div><div class=\"fusion-text fusion-text-2\"><p style=\"text-align: center;\">Urlaub auf Juist und in unserem Haus bedeutet, eine bewusst gesunde und erholsame Zeit zu verbringen. Aus diesem Grund haben wir uns entschlossen ein reines\u00a0Nichtraucherhaus zu f\u00fchren.<\/p>\n<p style=\"text-align: center;\">Auf den folgenden Seiten erhalten Sie eine umfassende Beschreibungen des Hauses sowie der einzelnen Ferienwohnungen.<\/p>\n<p style=\"text-align: center;\">Wir w\u00fcnschen Ihnen einen erholsamen Aufenthalt.<\/p>\n<\/div><div class=\"fusion-clearfix\"><\/div><\/div><\/div><div class=\"fusion-layout-column fusion_builder_column fusion-builder-column-1 fusion_builder_column_2_3 2_3 fusion-two-third fusion-column-last\" style=\"width:65.3333%;margin-top:0px;margin-bottom:20px;\"><div class=\"fusion-column-wrapper fusion-flex-column-wrapper-legacy\" style=\"background-position:left top;background-repeat:no-repeat;-webkit-background-size:cover;-moz-background-size:cover;-o-background-size:cover;background-size:cover;background-color:rgba(0,0,0,0);border-width: 0 0 0 0;border-color:#000000;border-style:solid;padding: 0px 0px 0px 0px;\"><center><h2><b>Informationen<\/b><\/h2><\/center><\/span><div class=\"fusion-content-boxes content-boxes columns row fusion-columns-2 fusion-columns-total-2 fusion-content-boxes-1 content-boxes-clean-horizontal content-left content-boxes-icon-on-side\" data-animationOffset=\"top-into-view\" style=\"margin-top:0px;margin-bottom:60px;\"><style type=\"text\/css\">.fusion-content-boxes-1 .heading .content-box-heading {color:#8a7e66;}\n\t\t\t\t\t.fusion-content-boxes-1 .fusion-content-box-hover .link-area-link-icon-hover .heading .content-box-heading,\n\t\t\t\t\t.fusion-content-boxes-1 .fusion-content-box-hover .link-area-link-icon-hover .heading .heading-link .content-box-heading,\n\t\t\t\t\t.fusion-content-boxes-1 .fusion-content-box-hover .link-area-box-hover .heading .content-box-heading,\n\t\t\t\t\t.fusion-content-boxes-1 .fusion-content-box-hover .link-area-box-hover .heading .heading-link .content-box-heading,\n\t\t\t\t\t.fusion-content-boxes-1 .fusion-content-box-hover .link-area-link-icon-hover.link-area-box .fusion-read-more,\n\t\t\t\t\t.fusion-content-boxes-1 .fusion-content-box-hover .link-area-link-icon-hover.link-area-box .fusion-read-more::after,\n\t\t\t\t\t.fusion-content-boxes-1 .fusion-content-box-hover .link-area-link-icon-hover.link-area-box .fusion-read-more::before,\n\t\t\t\t\t.fusion-content-boxes-1 .fusion-content-box-hover .fusion-read-more:hover:after,\n\t\t\t\t\t.fusion-content-boxes-1 .fusion-content-box-hover .fusion-read-more:hover:before,\n\t\t\t\t\t.fusion-content-boxes-1 .fusion-content-box-hover .fusion-read-more:hover,\n\t\t\t\t\t.fusion-content-boxes-1 .fusion-content-box-hover .link-area-box-hover.link-area-box .fusion-read-more,\n\t\t\t\t\t.fusion-content-boxes-1 .fusion-content-box-hover .link-area-box-hover.link-area-box .fusion-read-more::after,\n\t\t\t\t\t.fusion-content-boxes-1 .fusion-content-box-hover .link-area-box-hover.link-area-box .fusion-read-more::before,\n\t\t\t\t\t.fusion-content-boxes-1 .fusion-content-box-hover .link-area-link-icon-hover .icon .circle-no,\n\t\t\t\t\t.fusion-content-boxes-1 .heading .heading-link:hover .content-box-heading {\n\t\t\t\t\t\tcolor: #e9a825;\n\t\t\t\t\t}\n\t\t\t\t\t.fusion-content-boxes-1 .fusion-content-box-hover .link-area-box-hover .icon .circle-no {\n\t\t\t\t\t\tcolor: #e9a825 !important;\n\t\t\t\t\t}.fusion-content-boxes-1 .fusion-content-box-hover .link-area-box.link-area-box-hover .fusion-content-box-button {background: #ff9800;color: #785510;}.fusion-content-boxes-1 .fusion-content-box-hover .link-area-box.link-area-box-hover .fusion-content-box-button .fusion-button-text {color: #785510;}\n\t\t\t\t\t.fusion-content-boxes-1 .fusion-content-box-hover .link-area-link-icon-hover .heading .icon > span {\n\t\t\t\t\t\tbackground-color: transparent !important;\n\t\t\t\t\t}\n\t\t\t\t\t.fusion-content-boxes-1 .fusion-content-box-hover .link-area-box-hover .heading .icon > span {\n\t\t\t\t\t\tborder-color: #e9a825 !important;\n\t\t\t\t\t}<\/style><div style=\"border-color:rgba(255,255,255,0);\" class=\"fusion-column content-box-column content-box-column content-box-column-1 col-lg-6 col-md-6 col-sm-6 fusion-content-box-hover content-box-column-first-in-row\"><div class=\"col content-box-wrapper content-wrapper link-area-box icon-hover-animation-fade\" style=\"background-color:rgba(255,255,255,0);\" data-animationOffset=\"top-into-view\"><div class=\"fusion-clearfix\"><\/div><div class=\"content-container\" style=\"color:#8a7e84;\">\n<p style=\"text-align: left;\">Das \u201eHaus Gero\u201c finden Sie im sch\u00f6nen Ostdorf, dem wohl ruhigsten Teil des Inseldorfes nicht weit vom Zentrum und vom Hafen entfernt.<\/p>\n<p style=\"text-align: left;\">Denn auf Juist ist kein Weg zu lang, sie ben\u00f6tigen zur Ortsmitte und zum Hafen ungef\u00e4hr zehn Minuten zu Fu\u00df, wo Gesch\u00e4fte und Restaurants, aber auch Caf\u00e9\u00b4s und Kneipen auf Sie warten.<\/p>\n<p>Bis zum Strand, \u00fcbrigens dem sch\u00f6nsten aller ostfriesischen Inseln, ben\u00f6tigen Sie ebenfalls nur einige wenigen Gehminuten, hier k\u00f6nnen Sie auch gleich bei der Strandkorbvermietung einen Strandkorb mieten.<\/p>\n<\/div><\/div><\/div><div style=\"border-color:rgba(255,255,255,0);\" class=\"fusion-column content-box-column content-box-column content-box-column-2 col-lg-6 col-md-6 col-sm-6 fusion-content-box-hover content-box-column-last content-box-column-last-in-row\"><div class=\"col content-box-wrapper content-wrapper link-area-box icon-hover-animation-fade\" style=\"background-color:rgba(255,255,255,0);\"><div class=\"fusion-clearfix\"><\/div><div class=\"content-container\" style=\"color:#8a7e84;\">\n<p>Oder machen Sie einen Spaziergang am Strand entlang zum Flugplatz.<\/p>\n<p>F\u00fcr Freunde des wei\u00dfen Sports findet sich auf dem Weg zum Strand die M\u00f6glichkeit auf den Tennispl\u00e4tzen vorbei zu schauen. Spielen Sie eine Runde oder lassen Sie sich von professionellen Trainern unterweisen.<\/p>\n<p>Ist Ihnen der Trubel am Strand doch zu viel? Wir bieten Ihnen auf der R\u00fcckseite unseres Hauses\u00a0eine gesch\u00fctzte Liegewiese an selbstverst\u00e4ndlich erhalten Sie von uns bequeme Liegen.<\/p>\n<\/div><\/div><\/div><style type=\"text\/css\">\n\t\t\t\t\t\t.fusion-content-boxes-1 .fusion-content-box-hover .heading-link:hover .icon i.circle-yes,\n\t\t\t\t\t\t.fusion-content-boxes-1 .fusion-content-box-hover .link-area-box:hover .heading-link .icon i.circle-yes,\n\t\t\t\t\t\t.fusion-content-boxes-1 .fusion-content-box-hover .link-area-link-icon-hover .heading .icon i.circle-yes,\n\t\t\t\t\t\t.fusion-content-boxes-1 .fusion-content-box-hover .link-area-box-hover .heading .icon i.circle-yes {\n\t\t\t\t\t\t\tbackground-color: transparent !important;\n\t\t\t\t\t\t\tborder-color: #e9a825 !important;\n\t\t\t\t\t\t}<\/style><div class=\"fusion-clearfix\"><\/div><\/div><div class=\"fusion-clearfix\"><\/div><\/div><\/div><\/div><\/div>\n","protected":false},"excerpt":{"rendered":"","protected":false},"author":1,"featured_media":0,"parent":0,"menu_order":0,"comment_status":"closed","ping_status":"open","template":"100-width.php","meta":{"footnotes":""},"class_list":["post-1701","page","type-page","status-publish","hentry"],"aioseo_notices":[],"_links":{"self":[{"href":"https:\/\/haus-gero.de\/gero\/wp-json\/wp\/v2\/pages\/1701","targetHints":{"allow":["GET"]}}],"collection":[{"href":"https:\/\/haus-gero.de\/gero\/wp-json\/wp\/v2\/pages"}],"about":[{"href":"https:\/\/haus-gero.de\/gero\/wp-json\/wp\/v2\/types\/page"}],"author":[{"embeddable":true,"href":"https:\/\/haus-gero.de\/gero\/wp-json\/wp\/v2\/users\/1"}],"replies":[{"embeddable":true,"href":"https:\/\/haus-gero.de\/gero\/wp-json\/wp\/v2\/comments?post=1701"}],"version-history":[{"count":143,"href":"https:\/\/haus-gero.de\/gero\/wp-json\/wp\/v2\/pages\/1701\/revisions"}],"predecessor-version":[{"id":2208,"href":"https:\/\/haus-gero.de\/gero\/wp-json\/wp\/v2\/pages\/1701\/revisions\/2208"}],"wp:attachment":[{"href":"https:\/\/haus-gero.de\/gero\/wp-json\/wp\/v2\/media?parent=1701"}],"curies":[{"name":"wp","href":"https:\/\/api.w.org\/{rel}","templated":true}]}}